s of 2/(-12) + -11222*(-5)/60?
5, 11, 17
Let y(k) = 17*k**2 - 9*k - 20. List the prime factors of y(6).
2, 269
Suppose 2*h = -4*f + 26, -7*h + 41 = 4*f - 2*h. Suppose 433 - 76 = 3*z - y, 0 = 2*z - f*y - 228. Let p = z + -82. List the prime factors of p.
2, 19
Suppose 2*u - 102 = 566. List the prime factors of u.
2, 167
Let c be 16/56 + (-26)/(-7). List the prime factors of 5/20 + 355/c.
89
Suppose 540 - 3240 = -4*t. List the prime factors of t.
3, 5
Suppose 8*q + 8837 = 55181. What are the prime factors of q?
3, 1931
Suppose 3*k + 3 = -2*y, 9 = y - 3*y - 5*k. Let c(l) = 13*l - 6. List the prime factors of c(y).
3, 11
Suppose 0*l - 2*l + 90 = 5*b, -3*l - 5*b = -140. Suppose 0 = -2*s - 7 + 13. Suppose z = -0*z - s*r + l, -4*r = -2*z + 60. What are the prime factors of z?
2, 19
Let v(c) = c + 5. Let i be v(0). Suppose -i*y + 2*g + 3*g = -400, -2*y - 4*g = -160. Suppose -y = -5*t + 3*t. List the prime factors of t.
2, 5
Let x = 9 + -4. Suppose -b + 56 = 2*w, 4*w = -0*w - x*b + 124. List the prime factors of w.
2, 13
Let r be (-24)/4*6/(-9). Suppose -r*w + 144 - 32 = -3*t, 2*w = -t + 56. List the prime factors of w.
2, 7
Suppose 5*k = -0*k + 90. Suppose 4*h = 1 + 7. Suppose -h*g = g - k. What are the prime factors of g?
2, 3
Let k = 514 - 362. Let u = k - 92. What are the prime factors of u?
2, 3, 5
Suppose -11 = -3*d + 5*i - 36, -i = 5*d - 5. Suppose d = -4*z + 20 - 4. Suppose 0 = w - z*w + 75. What are the prime factors of w?
5
Let j(x) = 56*x + 1. Let o be j(1). Let g(b) = 7*b + 28. Let w be g(-7). Let r = o + w. List the prime factors of r.
2, 3
Let k = 9 - 12. Let l be ((-2)/k)/((-4)/6). Let x = 42 + l. List the prime factors of x.
41
Let p(q) = -8*q - 5*q**2 - 7 + 4*q**2 + 3. List the prime factors of p(-5).
11
What are the prime factors of 3*1489 + 16/16?
2, 1117
Suppose 1356 = -0*b + 4*b. What are the prime factors of b?
3, 113
Suppose -58*r + 49 = -51*r. Suppose 10*u = r*u + 75. List the prime factors of u.
5
Suppose -5*u - b + 4*b + 4222 = 0, -b = -5*u + 4224. List the prime factors of u.
5, 13
Let q = -42 - -90. Let z = 18 + q. Let t = -24 + z. What are the prime factors of t?
2, 3, 7
Suppose 2*g = x + 68, -3*x - g - 3*g = 254. Let m = x + 111. Suppose 2*j + 14 = n, 5*n - m = j + 19. List the prime factors of n.
2, 5
Let t(g) = -g**2 + 6*g - 1. Let f be t(4). What are the prime factors of -76*((-28)/8)/f?
2, 19
Let l(o) = -7*o + 21. Let r be 1/(16/(-300)) + (-1)/4. List the prime factors of l(r).
2, 7, 11
Let f(k) = 2*k**3 - 2*k**2 - 2*k + 3. Let x = -12 - -18. Suppose o + 2*o = x. What are the prime factors of f(o)?
7
Let h = -6 + 83. Suppose -h = -a + 45. List the prime factors of a.
2, 61
Let l be ((-3)/(3 + -12))/(1/6). Suppose l*g = 4*b - 138, 0*b + 2*g + 173 = 5*b. List the prime factors of b.
5, 7
Suppose -d + 2528 = 2*d + 4*q, d - q - 852 = 0. What are the prime factors of d?
2, 53
Let m = 7 - 0. Let o(c) = -c**3 + 8*c**2 - 1. Let w(u) = u**3 - 8*u**2 + u + 1. Let d(v) = -2*o(v) - 3*w(v). List the prime factors of d(m).
3
Suppose -t - 4*i = i - 31, t = 4*i - 14. Let n be (-8)/(-16) + t/4. Suppose -n*h = 1 - 25. List the prime factors of h.
2, 3
Let y(c) = 2*c**3 - 7*c**2 + 2*c - 8. What are the prime factors of y(6)?
2, 23
Suppose 0 = -v - 4*v - 5*f, 3*v - f = 0. Suppose -3*z + 1813 + 515 = v. What are the prime factors of (-8)/(-28) + z/28?
2, 7
Suppose -6 = -3*r - n, -3*r - 2*n - n = -12. Let t be 206/10 - (-4)/10. Let v = t - r. List the prime factors of v.
2, 5
Let f(m) = 51*m**2 - 28*m - 113. List the prime factors of f(-4).
5, 163
Suppose -4*p + 2*y = -1886, 17*y = -2*p + 13*y + 948. What are the prime factors of p?
2, 59
Let m = 911 - -276. What are the prime factors of m?
1187
Suppose 6*f = 7*f - 160. List the prime factors of f.
2, 5
Let k(g) = -3*g - 10. Let q be k(-10). Suppose -q = -3*h - h. Suppose 5*i + 13 = 3, -2*i + 101 = h*b. List the prime factors of b.
3, 7
Let o be (-6800)/140 + (-8)/(-14). Let w = 133 - o. What are the prime factors of w?
181
List the prime factors of 14/35 - (1908/(-5) + 1).
3, 127
Let o = 644 + -171. Suppose 0 = 14*a + 11 - o. What are the prime factors of a?
3, 11
Let r(s) = -16*s**3 + 21*s**2 + 11*s + 1. Let t(y) = 3*y**3 - 4*y**2 - 2*y. Let p(j) = 2*r(j) + 11*t(j). Let b = -53 - -57. List the prime factors of p(b).
2, 17
Let y(p) be the second derivative of p**5/20 - p**4 + 2*p**3/3 + 9*p**2/2 - 9*p. List the prime factors of y(12).
3, 19
Let c = -28 - -31. Suppose 5*u - 3*d - d = 158, 0 = c*u - 4*d - 90. List the prime factors of u.
2, 17
Let x(b) = -b**3 + 5*b**2 + 2*b + 1. Let y be x(3). Let g = -10 + y. Suppose 4*d - 159 = -4*a + 3*a, 5*a = g. List the prime factors of d.
3, 13
Let d(b) = b**2 - 20*b - 36. Let n be d(22). Let c = 180 - n. List the prime factors of c.
2, 43
Suppose -r - 4*b + 187 = -117, -6 = -2*b. Suppose -5*u + r = 4*f, f + 4*u = 84 - 11. What are the prime factors of f?
73
Suppose a = -a - 2*s + 4, s + 8 = a. Let q = 53 - -1. Suppose a*w - 7*w = -q. List the prime factors of w.
3
Suppose 1582 = 5*u + 2*u. What are the prime factors of u?
2, 113
Let p(k) = -4. Let n(x) = -x - 8. Let o(m) = -3*n(m) + 5*p(m). Suppose z - 10 = -z. List the prime factors of o(z).
19
Suppose 5*b - 2 = 38. Suppose 0 = -0*u + 2*u - t - 31, u - 2*t - b = 0. List the prime factors of u.
2, 3
Suppose 2 = 4*l - 3*j, -5*l + 5*j + 5 + 0 = 0. Let a(u) = -u. Let n(v) = v + 6. Let z(o) = l*n(o) + 4*a(o). What are the prime factors of z(-5)?
19
Let j = 152 - 147. Let r = 293 + j. What are the prime factors of r?
2, 149
What are the prime factors of ((-4)/(-3))/(88/58476)?
2, 443
Let q(i) = -i + 6. Suppose 0 = -4*r - 17 - 11. Let p(t) = t**2 + 8*t + 11. Let b be p(r). What are the prime factors of q(b)?
2
Let p be (-3 - 20/(-4)) + 32. Let k = p + 21. What are the prime factors of k?
5, 11
Let u(c) = -c**3 - 3*c**2 + 3*c + 13. Let r = -42 + 38. What are the prime factors of u(r)?
17
Let n = -6591 + 9267. List the prime factors of n.
2, 3, 223
Suppose -2 = c, 7*c = -4*j + 4*c + 482. Suppose -5*n = 2*v - 212 - j, 4*n + 668 = 4*v. Let r = v + -106. List the prime factors of r.
61
Suppose -w = 3*w - 1916. List the prime factors of w.
479
Let r = -383 + 624. Let m be 2/3*(5 - -1). Suppose m*v = 20, -2*j - 3*v = -6*j + r. List the prime factors of j.
2
What are the prime factors of (-2)/(-4) - 20475/(-14)?
7, 11, 19
Suppose 25 = -5*p - 4*d, 5*p + 5*d = -5 - 15. What are the prime factors of 29/(-261) + (-937)/p?
2, 13
Let p(c) = -c**2 + 5*c + 3. Let b be p(5). Suppose 10*j + 175 = 775. Suppose d + b*m = j, -d = -2*d - 4*m + 62. What are the prime factors of d?
2, 3
Suppose q = 5*s - 41, s = -s - 5*q + 38. List the prime factors of (-3 + s/(36/8))*-207.
3, 23
Let k be -10*(21/(-6) + 3). Suppose 2*s - 3*s = -t - 60, k*t + 288 = -s. Let b = -28 - t. What are the prime factors of b?
2, 3, 5
Suppose 0 = -5*p - 3*p + 7656. List the prime factors of p.
3, 11, 29
Let j = 176 - -141. Let a = j + -215. List the prime factors of a.
2, 3, 17
Let r(f) = 2*f**2 + f + 2. Let u be r(-3). Let x = u + -4. Let y = 24 - x. List the prime factors of y.
11
Let t = 14935 + -9458. What are the prime factors of t?
5477
Let f(t) = t**3 - 6*t**2 - 11*t + 18. Let h be f(7). Let p(a) = a**2 - 2*a - 25. List the prime factors of p(h).
5, 19
Let d(k) = 109*k**3 - k**2 + 2*k - 1. Let v be d(1). Let j = 61 - v. Let i = 79 + j. List the prime factors of i.
31
Let n(c) = 384 - 4*c**2 - 409 + 3*c**2 - 17*c. List the prime factors of n(-14).
17
Suppose r + 4*r + 310 = y, 0 = -3*y + 2*r + 995. What are the prime factors of y?
5, 67
Suppose 0 = -2*r + 10. Suppose -r*j + j = -368. List the prime factors of j.
2, 23
Let n(a) = a**3 - 2*a**2 + 3*a + 2. Let h be n(-1). List the prime factors of (h + (-206 - -5))/(-1).
5, 41
Let j be 1506/36 + 3/18. Suppose m = -3*v - m + 71, -3*m = -v + j. What are the prime factors of v?
3
Let a = -22 + 19. List the prime factors of (4/a)/((-4)/234).
2, 3, 13
Suppose -2 = 7*x - 6*x + i, -15 = 5*i. Let o = 4 - x. List the prime factors of o.
3
Let w be ((-4)/16*0)/2. Suppose 0 = -3*m - 2*m - 2*i + 836, w = -m + 5*i + 178. List the prime factors of m.
2, 3, 7
Let j = -1783 + 5236. List the prime factors of j.
3, 1151
Suppose 13*t = 8*t - 4*v + 3249, 0 = 3*t - 5*v - 1942. List the prime factors of t.
11, 59
List 